5*n**2 + n. Let t(o) = 2*h(o) - 5*x(o). Determine t(-2).
-8
Let f(t) be the first derivative of t**6/180 + t**5/20 + 5*t**4/24 - t**3 - 4. Let g(h) be the third derivative of f(h). Determine g(-4).
13
Let t(l) = 2*l - 1. Let m be t(3). Suppose 0 - m = -5*j. Let d(o) = 4*o - 5*o - 4*o**2 + 453 - 453. Give d(j).
-5
Let n = 1 + -1. Suppose i - 4 = 0, -4*y + 3*i - 157 = -481. Let b(t) = -83*t**3 + y*t**3 - t - 5 - 6. Calculate b(n).
-11
Let p(w) = 7*w**2 + 7*w + 8. Let s(r) = r**2 + r + 2. Let j(y) = p(y) - 6*s(y). Give j(0).
-4
Let j(h) be the second derivative of -h**5/20 - h**4/6 + h**3/6 + h**2 - 645*h. Calculate j(0).
2
Let q(y) = -y**3 - 5*y**2 + 1. Let d be 0/(1*(-1)/1). Suppose -3*x - 8 = 2*g - x, x + 2 = d. Calculate q(g).
-11
Let j(u) be the second derivative of -u**3/3 + 3*u**2/2 - 153*u. What is j(-10)?
23
Let v(b) = -7*b - 10 - b**2 + 7 + 9*b. Suppose 5*s - 7 = 2*c, -4*s - 3*c - c + 28 = 0. Give v(s).
-6
Let z(h) = -10*h + 13. Let q be z(1). Let r(c) be the first derivative of 0*c + 3/2*c**2 - 2 - c**q. What is r(2)?
-6
Let n(s) = -s**2 + 2*s. Let a(q) = -q**3 - 9*q**2 + 7*q - 8. Let i be a(-10). Let w = i - 20. Determine n(w).
0
Let a be ((-5)/(-2))/(102/(-204)). Let c(l) = 10*l - 9. What is c(a)?
-59
Let n(t) be the first derivative of t**5/60 - t**4/3 - 2*t**3/3 - 5*t**2 - 33. Let l(h) be the second derivative of n(h). Give l(8).
-4
Let h(n) = 3 - 17*n + 15*n + 10. Give h(6).
1
Let j(u) be the second derivative of 2*u**3 - 9*u**2 - u - 84. What is j(2)?
6
Let k(i) = 2*i + 27. Let p be k(-13). Let u(c) = 1. Let v(z) = -z + 3. Let o(r) = p*v(r) + 5*u(r). Determine o(4).
4
Let q = 1137 - 3409/3. Let m(t) be the third derivative of 0 + 1/12*t**4 + 0*t + 13*t**2 - q*t**3. What is m(3)?
2
Let c(w) be the third derivative of w**7/2520 - w**6/120 - w**5/40 - 29*w**4/24 + 20*w**2. Let h(g) be the second derivative of c(g). Determine h(3).
-12
Let i(l) = -2*l**3 - 4*l**2 - 3*l. Suppose -2*t + 3*t = 3. Suppose 10 = -h + t*h. Suppose 2*w - 2 = 3*s, 4*w + 21 = -4*s + h. What is i(w)?
6
Let r(t) = t**2 - 3*t - 6. Let f be 45/(-18) + 1/2. Determine r(f).
4
Let a(g) = g + 1. Let y(o) = 5*o - 5. Suppose 4*c + 9 = 3*p, -5*p = 4*c + c + 20. Let u(r) = c*a(r) + y(r). What is u(6)?
4
Let t(o) = -70*o**2 - 13. Let l(h) = -46*h**2 - 8. Let f(k) = 8*l(k) - 5*t(k). Calculate f(-1).
-17
Let m(h) = -4*h + 3. Let x be ((-12)/(-20))/(7/(-35)). Determine m(x).
15
Let p(r) be the first derivative of -r**3/3 + 7*r**2/2 - 5*r + 132. Suppose 5*y - 11 - 9 = 0. What is p(y)?
7
Let d(l) = 5 - l + 0*l + 0*l. Suppose 4*o + 5*n + 5 = 0, 0*o = -o - 4*n - 4. Determine d(o).
5
Let x(l) be the third derivative of 0 + 1/8*l**4 + 1/60*l**6 + 0*l - 1/6*l**3 - 1/20*l**5 + l**2. Let g = 1086 + -1084. What is x(g)?
9
Suppose -2*t + 4*h + 55 = -7*t, -5*h + 25 = 0. Let y(x) = x**2 + 13*x - 31. Give y(t).
-1
Let w(i) = -i**2 - 4*i + 16. Suppose -3*v = 35 - 14. What is w(v)?
-5
Let t(q) = 2*q**3 + 3*q**2 + 4*q + 2. Let r = -12 + 9. Let y(h) = -h**2 - 4*h - 5. Let i be y(r). Determine t(i).
-10
Let w(x) = -46 + x**3 - 14*x + 15 - x + 12*x**2. What is w(-13)?
-5
Let g(d) = d**2 - 7*d + 5. Let i be 11*1 + -1*(-2 - -7). Determine g(i).
-1
Suppose 5*o - 50 = 2*w, 0 = o + 5*w - 9*w - 28. Let i(r) = r**3 - 6*r**2 - 9*r - 9. What is i(o)?
47
Let i(x) be the first derivative of -x**4/4 + x**3/3 + 3*x + 1. Let q be i(0). Let l(o) be the first derivative of -o**2 + 3*o - 2. Give l(q).
-3
Let f(y) be the third derivative of y**4/8 + y**3/2 + 310*y**2. Give f(5).
18
Let v(q) = -q**2 + q + 8. Let l = -40 - -47. Give v(l).
-34
Let b(d) = 7*d**3 - 7*d**2 - 13*d + 1. Let u(h) = -8*h**3 + 9*h**2 + 15*h - 2. Let j(k) = 7*b(k) + 6*u(k). Calculate j(-5).
0
Let v(c) = c**2 + 3*c - 2. Suppose -16 = p + 3*p. Let u be v(p). Let l(a) be the first derivative of -2*a**3/3 + 3*a**2/2 - a - 493. Calculate l(u).
-3
Let l(g) be the first derivative of -g**4/4 - 3*g**3 + 6*g + 576. Calculate l(-9).
6
Let f(w) = -3*w**2 + w + 3 + w**2 + 0 + w**2. Determine f(-5).
-27
Let y = -83 + 84. Let a(j) = -33 - 35 + 67 - 6*j + 20*j. Determine a(y).
13
Suppose 4*f - 3 - 9 = 0. Let j(h) be the first derivative of -h**4/4 + 4*h**3/3 + 2*h**2 - 2*h + 4. Calculate j(f).
19
Let d(j) = -j**3 + j - 5 + 2*j - 4*j. Let r be (-2)/7 + 373/7. Let m = r + -53. What is d(m)?
-5
Let z(p) = p**3 + 8*p**2 - 2*p + 2. Let n(x) = 2*x**3 + 18*x**2 - 5*x + 3. Let c(l) = -2*n(l) + 5*z(l). What is c(-4)?
4
Let t(n) be the third derivative of 12*n**2 + 0*n + 0 - 1/30*n**5 - 1/12*n**4 + 1/3*n**3. Give t(-3).
-10
Let y = 1168 - 1173. Let t(z) = -z**3 - 5*z**2 + 2*z + 7. Determine t(y).
-3
Suppose u - 69 = 5*o, 0 = 3*o - 11*u + 15*u + 23. Let w(f) = 2*f + 27. Give w(o).
1
Let c(g) = -g + 3. Let d(y) = -6 - 4 + 0*y + 3*y. Let p(h) = 17*c(h) + 6*d(h). Let f(z) = -3*z**2 + 6*z + 30. Let u be f(4). Calculate p(u).
-3
Let o(z) = z**3 + 1 - 13 + 15*z**2 - z - 3 - 6*z**2 + 0*z. Determine o(-9).
-6
Let y be (-6 - (-114)/12) + 9/6. Let h(t) = -3*t + 9*t + 3 + 4*t**2 - 3*t**3 + 2*t**3. Give h(y).
8
Let a(m) be the third derivative of 5*m**4/24 + 7*m**3/6 - m**2 - 21*m. Let s(n) = 3*n + 7. Let t(l) = -4*a(l) + 5*s(l). Determine t(5).
-18
Let q(m) = -m**2 - 7*m + 3. Let v be (-42)/(-9)*60/(-40). Give q(v).
3
Let m = -1 - -3. Let l(p) = 30. Let j(f) = -2*f + 60. Let r(k) = j(k) - 2*l(k). Calculate r(m).
-4
Let o(j) = -j**2 + 4*j + 22. Let r be o(-3). Let p(b) = 22*b + 4. Give p(r).
26
Let g(t) = -56*t - 1 - t**2 + 61*t + 3. Let c(k) = -k**2 - 4*k + 5. Let a be c(-5). Suppose 3*m - 2 - 10 = a. What is g(m)?
6
Let p be 1/(1*(-6 + (-294)/(-48))) - 2. Let m(f) be the third derivative of f**5/60 - f**4/8 - 2*f**3/3 - 2*f**2. Give m(p).
14
Let g = -14 + 14. Suppose 3*k - 8*k + 10 = g. Let p(t) = 0*t**k + t**2 + 0*t**2 + 3*t**2 + 1. Give p(-1).
5
Let y(v) = 174*v**3 - v + 10*v**2 - 178*v**3 - 5 + 3. Let x(q) = 9*q**3 - 21*q**2 + q + 3. Let j(r) = 3*x(r) + 7*y(r). What is j(6)?
7
Let m(y) be the first derivative of -y**3/3 + y**2/2 + 153. Calculate m(1).
0
Suppose 10 = -q + 5*p, 18*q - 17*q + 2 = -3*p. Let y(k) = -k**3 - 2*k**2 + 5. Calculate y(q).
80
Let b(w) be the first derivative of -5/2*w**2 + 0*w + 2 - 5/3*w**3 + 1/4*w**4. Determine b(6).
6
Suppose -l - z - 2 = 3, 0 = 2*z + 2. Let i(a) be the first derivative of -4 + 1/3*a**3 + a**2 - 2*a. What is i(l)?
6
Let s(r) = -14*r**2 + 17*r - 32. Let k(c) = 5*c**2 - 6*c + 11. Let w(d) = -17*k(d) - 6*s(d). Let j(g) = g**2 - 2*g - 80. Let u be j(-8). Give w(u).
5
Let j(k) = -17*k + 85. Let f(o) = 4*o - 20. Let d(g) = -9*f(g) - 2*j(g). What is d(9)?
-8
Suppose 0 = 3*q - q - 6. Let w = q + -6. Let o(d) be the third derivative of d**4/12 + d**3/2 - 7*d**2. What is o(w)?
-3
Let m(q) = 99*q + 6*q**3 - 5*q**3 + 6*q**2 - 103*q. Determine m(-6).
24
Suppose -12*i = -4*i - 40. Suppose v + 6 = -0*v - i*x, v = -3*x - 4. Let h(s) = -7*s. Give h(v).
7
Let w be 477/99 + (-2)/(-11). Suppose 13 = 2*t - 3*b - 2, -t + w*b + 18 = 0. Let v(o) = 1 - o + 0*o**t + o**3 + 3*o**3. Determine v(1).
4
Let z(n) = n**2 - 9*n + 12. Suppose 5*x - w - 40 = 0, 0 = 3*x - 3*w - 47 + 11. What is z(x)?
-2
Let c(l) be the second derivative of l**5/20 - 5*l**4/6 - 3*l**3/2 - 17*l**2/2 + 20*l - 1. Give c(11).
5
Let b be ((-2)/(-3))/((-7)/(-21)). Let o(z) be the second derivative of -z**2 + 1/2*z**3 + 0 + 2*z. Determine o(b).
4
Let d be (-1)/(-2) + (-15)/(-6). Let g = d - 8. Let m(n) = -133 - n - 5*n**2 - 157 - n**3 + 286. Calculate m(g).
1
Suppose -5*b = -5*w, 4*b - 6*w = -3*w + 4. Let l(n) = n**3 - 3*n**2 - 3*n + 5. Give l(b).
9
Let j(a) be the third derivative of -a**4/24 + a**3 - 15*a**2. Suppose 1 = -12*s + 11*s - 3*f, -9 = 3*f. What is j(s)?
-2
Let n(h) = -6*h + 2. Let i(z) = z - 13. Let s(o) = 2*o - 28. Let v(b) = 13*i(b) - 6*s(b). Let j(d) = -n(d) - 5*v(d). Determine j(-3).
0
Let s(g) = 3*g**3 + 11*g**2 + 8*g - 1. Let n(b) = -b**3 - 2*b**2 + b - 1. Let h(a) = -2*n(a) - s(a). What is h(-5)?
3
Let v(a) = 4*a - 6. Let d(l) be the third derivative of 0*l + 5*l**2 - 5/24*l**4 + 0 + 7/6*l**3. Let k(p) = 3*d(p) + 4*v(p). Calculate k(-4).
-7
Let t(n) = -39 + 485*n - 244*n + n**2 - 240*n. Give t(0).
-39
Let v(t) = 5*t**3 - 7*t + 6. Let u be -5 + (2 - -5) - 21/3. Let o(n) = 5*n**3 - 6*n + 5. Let h be -1 - (1 + -7 + 1). Let i(d) = h*v(d) + u*o(d). Give i(1).
-4
Let x(c) =